{"id":9297,"date":"2023-07-28T09:45:31","date_gmt":"2023-07-28T07:45:31","guid":{"rendered":"https:\/\/ecoindustria.net\/events\/la-petjada-de-carboni-descarbonitzacio-de-la-industria-4-0\/"},"modified":"2023-09-12T09:30:54","modified_gmt":"2023-09-12T07:30:54","slug":"la-petjada-de-carboni-descarbonitzacio-de-la-industria-4-0","status":"publish","type":"mec-events","link":"https:\/\/ecoindustria.net\/es\/events\/la-petjada-de-carboni-descarbonitzacio-de-la-industria-4-0\/","title":{"rendered":"La huella de carbono; descarbonizaci\u00f3n de la industria 4.0"},"content":{"rendered":"<p align=\"justify\"><span lang=\"ca-ES\"><i><b>La huella de carbono; descarbonizaci\u00f3n de la industria 4.0<\/b><\/i><\/span><\/p>\n<p align=\"justify\"><span lang=\"ca-ES\">17 y 19 de octubre\u00a0<\/span><span lang=\"ca-ES\">de 2023<\/span><\/p>\n<p align=\"justify\">Este taller formativo tiene la finalidad de ofrecer informaci\u00f3n y herramientas a las empresas para hacer frente a las nuevas necesidades en cuanto a sostenibilidad y lucha contra el cambio clim\u00e1tico.<\/p>\n<p align=\"justify\">La Huella de Carbono es el principal indicador para evaluar la contribuci\u00f3n al Cambio Clim\u00e1tico de una empresa, producto o servicio. Calcularla permite a las empresas conocer cu\u00e1les son sus principales fuentes de emisi\u00f3n de Gases de Efecto Invernadero (GEI) y actuar en su reducci\u00f3n.<\/p>\n<p align=\"justify\"><strong>Programa:<\/strong><\/p>\n<p align=\"justify\">Introducci\u00f3n<\/p>\n<p align=\"justify\">\u2013 Objetivo 2050: Neutralidad clim\u00e1tica de la industria<\/p>\n<p align=\"justify\">\u2013 Conocer mi huella de Carbono<\/p>\n<p align=\"justify\">\u00a0 \u00a0 \u00a0 \u00a0 \u00bfQu\u00e9 es?<\/p>\n<p align=\"justify\">\u00a0 \u00a0 \u00a0 \u00a0 \u00bfC\u00f3mo se calcula?<\/p>\n<p align=\"justify\">\u00a0 \u00a0 \u00a0 \u00a0 Herramientas existentes<\/p>\n<p align=\"justify\">\u2013 Mecanismos de reducci\u00f3n y compensaci\u00f3n<\/p>\n<p align=\"justify\">\u2013 Medios de difusi\u00f3n y comunicaci\u00f3n<\/p>\n<p align=\"justify\">- Ayudas y subvenciones<\/p>","protected":false},"excerpt":{"rendered":"<p>La petjada\u00a0de\u00a0carboni; descarbonitzaci\u00f3\u00a0de\u00a0la ind\u00fastria 4.0 17 i 19 d&#8217;octubre\u00a0de 2023 Aquest taller formatiu t\u00e9 la finalitat d&#8217;oferir informaci\u00f3 i eines a les empreses per tal de fer front a les noves necessitats en quan a sostenibilitat i lluita contra el canvi clim\u00e0tic. La Petjada de Carboni \u00e9s el principal indicador per avaluar la contribuci\u00f3 al [&hellip;]<\/p>","protected":false},"author":9,"featured_media":9296,"comment_status":"open","ping_status":"closed","template":"","tags":[],"mec_category":[463],"class_list":["post-9297","mec-events","type-mec-events","status-publish","has-post-thumbnail","hentry","mec_category-taller"],"acf":[],"_links":{"self":[{"href":"https:\/\/ecoindustria.net\/es\/wp-json\/wp\/v2\/mec-events\/9297","targetHints":{"allow":["GET"]}}],"collection":[{"href":"https:\/\/ecoindustria.net\/es\/wp-json\/wp\/v2\/mec-events"}],"about":[{"href":"https:\/\/ecoindustria.net\/es\/wp-json\/wp\/v2\/types\/mec-events"}],"author":[{"embeddable":true,"href":"https:\/\/ecoindustria.net\/es\/wp-json\/wp\/v2\/users\/9"}],"replies":[{"embeddable":true,"href":"https:\/\/ecoindustria.net\/es\/wp-json\/wp\/v2\/comments?post=9297"}],"wp:featuredmedia":[{"embeddable":true,"href":"https:\/\/ecoindustria.net\/es\/wp-json\/wp\/v2\/media\/9296"}],"wp:attachment":[{"href":"https:\/\/ecoindustria.net\/es\/wp-json\/wp\/v2\/media?parent=9297"}],"wp:term":[{"taxonomy":"post_tag","embeddable":true,"href":"https:\/\/ecoindustria.net\/es\/wp-json\/wp\/v2\/tags?post=9297"},{"taxonomy":"mec_category","embeddable":true,"href":"https:\/\/ecoindustria.net\/es\/wp-json\/wp\/v2\/mec_category?post=9297"}],"curies":[{"name":"wp","href":"https:\/\/api.w.org\/{rel}","templated":true}]}}

La huella de carbono; descarbonización de la industria 4.0

<p align="justify"><span lang="ca-ES"><i><b>La huella de carbono; descarbonización de la industria 4.0</b></i></span></p>
<p align="justify"><span lang="ca-ES">17 y 19 de octubre </span><span lang="ca-ES">de 2023</span></p>
<p align="justify">Este taller formativo tiene la finalidad de ofrecer información y herramientas a las empresas para hacer frente a las nuevas necesidades en cuanto a sostenibilidad y lucha contra el cambio climático.</p>
<p align="justify">La Huella de Carbono es el principal indicador para evaluar la contribución al Cambio Climático de una empresa, producto o servicio. Calcularla permite a las empresas conocer cuáles son sus principales fuentes de emisión de Gases de Efecto Invernadero (GEI) y actuar en su reducción.</p>
<p align="justify"><strong>Programa:</strong></p>
<p align="justify">Introducción</p>
<p align="justify">– Objetivo 2050: Neutralidad climática de la industria</p>
<p align="justify">– Conocer mi huella de Carbono</p>
<p align="justify">        ¿Qué es?</p>
<p align="justify">        ¿Cómo se calcula?</p>
<p align="justify">        Herramientas existentes</p>
<p align="justify">– Mecanismos de reducción y compensación</p>
<p align="justify">– Medios de difusión y comunicación</p>
<p align="justify">- Ayudas y subvenciones</p>

<p>La petjada de carboni; descarbonització de la indústria 4.0 17 i 19 d&#8217;octubre de 2023 Aquest taller formatiu té la finalitat d&#8217;oferir informació i eines a les empreses per tal de fer front a les noves necessitats en quan a sostenibilitat i lluita contra el canvi climàtic. La Petjada de Carboni és el principal indicador per avaluar la contribució al [&hellip;]</p>
