{"id":9126,"date":"2023-02-08T09:56:01","date_gmt":"2023-02-08T08:56:01","guid":{"rendered":"https:\/\/ecoindustria.net\/?post_type=mec-events&#038;p=9126"},"modified":"2023-02-17T09:09:53","modified_gmt":"2023-02-17T08:09:53","slug":"avancem-cap-a-la-simbiosi-empresarial-circular-al-delta-del-llobregat","status":"publish","type":"mec-events","link":"https:\/\/ecoindustria.net\/en\/events\/avancem-cap-a-la-simbiosi-empresarial-circular-al-delta-del-llobregat\/","title":{"rendered":"Avancem cap a la simbiosi empresarial circular al delta del llobregat"},"content":{"rendered":"<p><strong>23 DE FEBRER DE 2023<\/strong><\/p>\n<p><strong>SALA D\u2019ACTES \u2013 CPE EL PRAT DE LLOBREGAT<\/strong><\/p>\n<p>&nbsp;<\/p>\n<p><strong>9.30 BENVINGUDA INSTITUCIONAL<\/strong><\/p>\n<ul>\n<li>Sr. Juan Carlos Moreno &#8211; Tinent d\u2019alcalde \u00c0rea de Desenvolupament Econ\u00f2mic, Ajuntament del Prat de Llobregat.<\/li>\n<li>Sr. Jordi Tort &#8211; Tinent d&#8217;alcaldessa de l&#8217;\u00c0mbint de Serveis Centrals, Desenvolupament Econ\u00f2mic Sostenible, Projecci\u00f3 de Ciutat i Esports., Ajuntament de Gav\u00e0.<\/li>\n<li>Sra. Elisabet Latorre \u2013 Regidora de Desenvolupament Econ\u00f2mic, Ajuntament de Sant Boi de Llobregat.<\/li>\n<li>Sra. Joana S\u00e1nchez \u2013 Tinenta d\u2019alcalde de l\u2019\u00c0rea d\u2019Alcaldia Serveis Generals i Serveis d\u2019Empreses e Innovaci\u00f3 , Ajuntament de Viladecans.<\/li>\n<li>Sra. Eva L\u00f3pez Gimenez &#8211; Regidora delegada d\u2019Urbanisme i Obres, Via P\u00fablica i Manteniment, Promoci\u00f3 Econ\u00f2mica, Foment de l\u2019ocupaci\u00f3 i Turisme. Ajuntament de Castelldefels.<\/li>\n<\/ul>\n<p>&nbsp;<\/p>\n<p><strong>9.45 TAULA RODONA \u201cESTRAT\u00c8GIES PER AVAN\u00c7AR CAP A LA SIMBIOSI EMPRESARIAL CIRCULAR\u201d<\/strong><\/p>\n<p>Amb empreses dels 5 municipis participants al Projecte Ecoind\u00fastria<\/p>\n<ul>\n<li>El Prat de Llobregat: LLUCH ESSENCES. Mar Mulero. Regulatory Affairs Manager.<\/li>\n<li>Gav\u00e0: COMSAN. Albert Margarit. Responsable de Compres.<\/li>\n<li>Sant Boi de Llobregat: PANET. Antonio Amig\u00f3 . Responsable de Qualitat.<\/li>\n<li>Viladecans: GONSI 4.0 HEALTHY. Pau Guindulain, Real Estate &amp; Sustainability Management..<\/li>\n<li>Castelldefels: SYLVIA CALVO BCN. Sylvia Calvo. Gerent.<\/li>\n<\/ul>\n<p>&nbsp;<\/p>\n<ul>\n<li>Moderat per Joan Ortu\u00f1o, CEO Cerveris Consulting<\/li>\n<\/ul>\n<p>&nbsp;<\/p>\n<p><strong>10.45 h Question turn<\/strong><\/p>\n<p><strong>11.00 h Fi de la jornada i sessi\u00f3 networking.<\/strong><\/p>\n<p>&nbsp;<\/p>","protected":false},"excerpt":{"rendered":"<p>23 DE FEBRER DE 2023 SALA D\u2019ACTES \u2013 CPE EL PRAT DE LLOBREGAT &nbsp; 9.30 BENVINGUDA INSTITUCIONAL Sr. Juan Carlos Moreno &#8211; Tinent d\u2019alcalde \u00c0rea de Desenvolupament Econ\u00f2mic, Ajuntament del Prat de Llobregat. Sr. Jordi Tort &#8211; Tinent d&#8217;alcaldessa de l&#8217;\u00c0mbint de Serveis Centrals, Desenvolupament Econ\u00f2mic Sostenible, Projecci\u00f3 de Ciutat i Esports., Ajuntament de Gav\u00e0. [&hellip;]<\/p>","protected":false},"author":9,"featured_media":9134,"comment_status":"closed","ping_status":"closed","template":"","tags":[],"mec_category":[472],"class_list":["post-9126","mec-events","type-mec-events","status-publish","has-post-thumbnail","hentry","mec_category-jornada"],"acf":[],"_links":{"self":[{"href":"https:\/\/ecoindustria.net\/en\/wp-json\/wp\/v2\/mec-events\/9126","targetHints":{"allow":["GET"]}}],"collection":[{"href":"https:\/\/ecoindustria.net\/en\/wp-json\/wp\/v2\/mec-events"}],"about":[{"href":"https:\/\/ecoindustria.net\/en\/wp-json\/wp\/v2\/types\/mec-events"}],"author":[{"embeddable":true,"href":"https:\/\/ecoindustria.net\/en\/wp-json\/wp\/v2\/users\/9"}],"replies":[{"embeddable":true,"href":"https:\/\/ecoindustria.net\/en\/wp-json\/wp\/v2\/comments?post=9126"}],"wp:featuredmedia":[{"embeddable":true,"href":"https:\/\/ecoindustria.net\/en\/wp-json\/wp\/v2\/media\/9134"}],"wp:attachment":[{"href":"https:\/\/ecoindustria.net\/en\/wp-json\/wp\/v2\/media?parent=9126"}],"wp:term":[{"taxonomy":"post_tag","embeddable":true,"href":"https:\/\/ecoindustria.net\/en\/wp-json\/wp\/v2\/tags?post=9126"},{"taxonomy":"mec_category","embeddable":true,"href":"https:\/\/ecoindustria.net\/en\/wp-json\/wp\/v2\/mec_category?post=9126"}],"curies":[{"name":"wp","href":"https:\/\/api.w.org\/{rel}","templated":true}]}}

<p><strong>23 DE FEBRER DE 2023</strong></p>
<p><strong>SALA D’ACTES – CPE EL PRAT DE LLOBREGAT</strong></p>
<p>&nbsp;</p>
<p><strong>9.30 BENVINGUDA INSTITUCIONAL</strong></p>
<ul>
<li>Sr. Juan Carlos Moreno &#8211; Tinent d’alcalde Àrea de Desenvolupament Econòmic, Ajuntament del Prat de Llobregat.</li>
<li>Sr. Jordi Tort &#8211; Tinent d&#8217;alcaldessa de l&#8217;Àmbint de Serveis Centrals, Desenvolupament Econòmic Sostenible, Projecció de Ciutat i Esports., Ajuntament de Gavà.</li>
<li>Sra. Elisabet Latorre – Regidora de Desenvolupament Econòmic, Ajuntament de Sant Boi de Llobregat.</li>
<li>Sra. Joana Sánchez – Tinenta d’alcalde de l’Àrea d’Alcaldia Serveis Generals i Serveis d’Empreses e Innovació , Ajuntament de Viladecans.</li>
<li>Sra. Eva López Gimenez &#8211; Regidora delegada d’Urbanisme i Obres, Via Pública i Manteniment, Promoció Econòmica, Foment de l’ocupació i Turisme. Ajuntament de Castelldefels.</li>
</ul>
<p>&nbsp;</p>
<p><strong>9.45 TAULA RODONA “ESTRATÈGIES PER AVANÇAR CAP A LA SIMBIOSI EMPRESARIAL CIRCULAR”</strong></p>
<p>Amb empreses dels 5 municipis participants al Projecte Ecoindústria</p>
<ul>
<li>El Prat de Llobregat: LLUCH ESSENCES. Mar Mulero. Regulatory Affairs Manager.</li>
<li>Gavà: COMSAN. Albert Margarit. Responsable de Compres.</li>
<li>Sant Boi de Llobregat: PANET. Antonio Amigó . Responsable de Qualitat.</li>
<li>Viladecans: GONSI 4.0 HEALTHY. Pau Guindulain, Real Estate &amp; Sustainability Management..</li>
<li>Castelldefels: SYLVIA CALVO BCN. Sylvia Calvo. Gerent.</li>
</ul>
<p>&nbsp;</p>
<ul>
<li>Moderat per Joan Ortuño, CEO Cerveris Consulting</li>
</ul>
<p>&nbsp;</p>
<p><strong>10.45 h Question turn</strong></p>
<p><strong>11.00 h Fi de la jornada i sessió networking.</strong></p>
<p>&nbsp;</p>

<p>23 DE FEBRER DE 2023 SALA D’ACTES – CPE EL PRAT DE LLOBREGAT &nbsp; 9.30 BENVINGUDA INSTITUCIONAL Sr. Juan Carlos Moreno &#8211; Tinent d’alcalde Àrea de Desenvolupament Econòmic, Ajuntament del Prat de Llobregat. Sr. Jordi Tort &#8211; Tinent d&#8217;alcaldessa de l&#8217;Àmbint de Serveis Centrals, Desenvolupament Econòmic Sostenible, Projecció de Ciutat i Esports., Ajuntament de Gavà. [&hellip;]</p>
